ppose 5*b - 2*o = 835, -5*b = 4*o - 655 - 210. Calculate the highest common factor of b and 3991.
13
Let y(p) = -16*p**2 + 3*p + 4. Let m be y(3). Let s = m + 164. Suppose -3*q - s = -51. Calculate the highest common divisor of q and 4.
2
Suppose 13*k + 1 = -25. Let o(q) = -9*q**3 + 6*q**2 + q - 4. Let h be o(k). Calculate the highest common factor of 180 and h.
90
Let v be (38/3)/(14/21 + 0). Suppose 5*y - 4*k - 59 = 0, -3*y + 4*k + v = -18. Let d be 2*33*(-3)/(-2). What is the highest common factor of y and d?
11
Let x(t) = 1 + 18 - 10*t + t + t. Let s be x(-10). What is the highest common factor of 66 and s?
33
Suppose 13 = f + 2. Let t be (-38)/(-3)*(-18 - 624/(-32)). Suppose -f*c - 72 = -t*c. What is the highest common divisor of 63 and c?
9
Let k = 45 - 23. Let b(a) = -a**2 + 23*a - 22. Let j be b(k). Suppose 2*t = -j*t + 136. Calculate the highest common factor of t and 102.
34
Let n = -2130 + 2150. What is the greatest common factor of n and 695?
5
Suppose -568*f - 34188 = -876*f. What is the highest common divisor of f and 6179?
37
Let v be 2 + -2 + 2 - -182. Suppose -2*s = 8*s + 5730. Let f = s - -596. What is the greatest common factor of f and v?
23
Let v(q) = -q**3 - 5*q**2 - 2*q - 7. Let n be v(-5). Suppose n*c - 6 = 105. Let u = c - 36. What is the greatest common factor of 3 and u?
1
Let k = 1119 + -645. Suppose -2*d = -k + 78. Calculate the greatest common divisor of d and 18.
18
Let c(a) = -26*a**3 + 2*a**2 + 8*a + 4. Let m be c(-2). What is the greatest common divisor of 12 and m?
12
Let o(l) = -l**3 - l**2 + 129*l + 3537. Let b be o(0). What is the highest common divisor of b and 262?
131
Suppose z - 19 = -4*w + 51, 0 = 2*w - 2. Suppose 0 = -11*c + 2*m + 86, -c - m - 12 = -8. What is the greatest common factor of z and c?
6
Let z(j) = j**2 + 40*j + 405. Let b be z(-10). What is the greatest common divisor of 805 and b?
35
Let o = 322 - 298. Calculate the greatest common divisor of o and 2076.
12
Let v(f) = f**3 - 2*f**2 - f + 3. Let z be v(-2). Let y be z/(44/1380)*2/(-6). Let q = y + -82. Calculate the greatest common divisor of 297 and q.
33
Let l = -1843 - -1895. What is the greatest common divisor of l and 128?
4
Let c = 11463 - 2502. Calculate the highest common factor of c and 87.
87
Suppose 2*s = 2*c - 564, -c + 4*s + 102 = -198. What is the greatest common divisor of 4784 and c?
92
Suppose 520 - 2500 = -10*n. Let q be ((-154)/(-33))/(4/n). What is the greatest common divisor of 21 and q?
21
Let n(u) = 71*u**3 - 25*u**2 + 246*u - 89. Let f be n(7). Calculate the highest common factor of 11 and f.
11
Suppose -3 = -5*m - 3. Suppose m = 2*k - 2*p - 57 - 99, 3*p + 159 = 2*k. Let y = k + -44. What is the greatest common factor of 93 and y?
31
Let a(j) = j - 12. Let o be a(8). Let q(l) = -4*l - 119. Let b be q(-32). Let i be ((-4)/(-8) + b/(-6))*o. What is the greatest common factor of i and 52?
4
Let a be (1 + -187)/(9/(-45)*2). Suppose -3*x - 72 = -2*j + a, j = 3*x + 264. Calculate the greatest common divisor of j and 21.
21
Let d(s) = 3*s**2 - 29*s - 1. Let o be d(10). Let c = 21 - 12. Suppose -3*b + 3*m = -c, -2*b - m + 21 = 2*m. What is the highest common factor of o and b?
3
Let s(y) = 1 + 34*y + 4 - 8. Let t be s(3). What is the highest common factor of t and 33?
33
Suppose -4*m = k + 33, -2*m + k - 9 = 12. Let a be (5/(-3) + -5)*m. What is the greatest common divisor of 240 and a?
60
Let x(d) = -18148*d + 54477. Let y be x(3). Let u = -36 - -91. What is the greatest common factor of u and y?
11
Let i(d) = -17*d + 13. Let p be i(-6). Let k(t) = 2*t**3 - 4*t + 12. Let r be k(4). Let c = -78 + r. What is the greatest common divisor of p and c?
23
Let i be -382 - ((3 - 3) + 3). Let n = -65 - 12. Let f = n - i. Calculate the highest common divisor of f and 28.
28
Let f(s) = -2*s**2 + 11*s + 27. Let o be f(9). Suppose 34 = 3*g - 659. Let w be (-2)/(o/g) - 1/(-6). Calculate the highest common factor of w and 117.
13
Let s(r) = r**2 + 2*r - 3. Let n be s(-2). Let u(y) = y**3 - 2*y**2 - 2*y + 4. Let a be u(n). Let p = a + 37. What is the greatest common factor of p and 1?
1
Suppose 17 = 5*w - i, 1613*w + 4*i - 32 = 1608*w. Calculate the highest common factor of w and 3030.
2
Let u = 7621 + -6919. Calculate the highest common factor of 216 and u.
54
Suppose -180 = -2*q + q. Suppose 0 = 8*a - 13*a + 20. Suppose -a*t = -9*t + q. What is the greatest common factor of 324 and t?
36
Suppose -37*j + 79 = 5. Let s be ((-208)/(-5))/((-15)/(-150)) - j. What is the greatest common divisor of s and 18?
18
Let h(o) = 5*o + 2. Let n be h(1). Suppose -65 = -18*g + n. Suppose 4*c = -g*i + 68, -4*c - 24 - 6 = -3*i. What is the highest common divisor of i and 56?
14
Let r(t) = -25 + 17*t - t**2 + 0 - 19 + 8*t - 7*t. Let h be r(15). Let z(a) = a - 3. Let s be z(4). What is the greatest common divisor of s and h?
1
Suppose -160*b - 615 = -201*b. What is the highest common divisor of b and 12?
3
Suppose r + 0*r + 3 = 0, 195 = 5*o + 5*r. Let g(d) = -7*d + 310. Let y be g(o). Calculate the highest common divisor of 304 and y.
16
Let s = 3846 + -3606. Calculate the greatest common divisor of 495 and s.
15
Suppose 62*d - 55*d = 497. Suppose 3*g - 5*m = -155, -4*g - 187 = 2*m + 37. Let k = g + d. Calculate the greatest common divisor of 80 and k.
16
Suppose g - 88 = -3*v + 13, 0 = v - 5*g - 7. Suppose 0 = -4*l - y + 90 - 29, -5*y + 49 = 4*l. What is the greatest common divisor of l and v?
16
Let g = -9978 + 10114. Calculate the greatest common divisor of g and 6273.
17
Let s(d) = -d**3 + 128*d**2 - 5*d + 223. Let h be s(125). Calculate the highest common divisor of 21 and h.
21
Suppose -5*y + 559 = -21. Let o = -34 + 66. Let d be 936/o - (-1)/(-4). What is the greatest common factor of d and y?
29
Let l(f) = 6*f**3 + 192*f**2 + 5*f + 403. Let j be l(-32). Calculate the greatest common divisor of j and 10368.
81
Let c = -41263 - -43293. What is the highest common factor of c and 28?
14
Suppose -2*p - 3*k + 236 = 0, 0 = 339*p - 334*p + k - 577. Calculate the highest common factor of p and 12535.
115
Let i(j) = j**3 + 8*j**2 - 21*j - 4. Let o be i(-10). Suppose 5*q = -g + o*q + 186, -4 = -q. What is the highest common factor of 266 and g?
38
Suppose 8*a - 10 + 106 = 0. Let v be 113*3*((-4)/a - 0). Suppose 125 = 14*n - v. What is the greatest common factor of 153 and n?
17
Suppose h - 5*v = 216, 3*v - 634 = -4*h + 92. What is the greatest common factor of h and 434?
62
Let n(j) = -226*j - 8810. Let r be n(-39). What is the greatest common factor of r and 5132?
4
Let x = -11581 - -11667. What is the highest common divisor of 301 and x?
43
Suppose 0 = -10*z + 14*z - 32. Suppose 3*j + 4*d - z*d - 187 = 0, -j + 44 = -5*d. What is the highest common divisor of j and 12?
3
Suppose 79*t = 79*t + 3*w, 5*t = 3*w + 960. What is the highest common factor of 53952 and t?
192
Let n be 512006/1887 + 2/3. Calculate the highest common factor of n and 68.
68
Let n be 4/2 - (-1 + 3). Suppose 2*y + 4*u = -0*u + 190, -4*u - 65 = -y. Suppose n = 5*z - y - 415. Calculate the highest common divisor of z and 40.
20
Suppose 5*r = 4*f + 178, -5*f - 71 = -4*r + 66. Calculate the greatest common divisor of 7543 and r.
19
Suppose 2*r = -y, -30*y = -25*y + 2*r - 64. What is the greatest common factor of y and 1084?
4
Let g = -59 + 60. Suppose 0 = -z - g. Let f be 3/(-1)*(z - 10/(-15)). What is the highest common divisor of 14 and f?
1
Let b = 124 + 2. Suppose 4*g = -z + 13, 4*z + 5*g - 42 = -12. Suppose 0 = 2*l + 3*k - 2*k - 33, -5*l = z*k - 95. What is the greatest common factor of b and l?
14
Let a(d) = d**2 - 7*d - 100. Let n be a(15). Suppose 5*s - n = -3*y, -5 = 3*y - 5*y - 5*s. What is the highest common divisor of y and 120?
15
Suppose 2*z + 4*a - 571 = 333, 0 = 5*z - 4*a - 2176. What is the highest common divisor of z and 180?
20
Let q be (-32)/(-3) + 30/90. Let n(m) = 87*m**2 + 1. Let j(y) = y**2 + y - 1. Let p be j(1). Let i be n(p). What is the highest common factor of i and q?
11
Suppose -84*g + 8068 + 4178 = -3546. Suppose 4*j + 11 = -u + 28, 5*u = -j + 9. Calculate the greatest common factor of g and j.
4
Let r(n) = -2*n**3 + 9*n**2 + 11*n - 14. Let h be r(7). Let b = h + 207. Calculate the highest common factor of b and 350.
25
Let b(w) = 9*w**2 + 7*w - 1. Let q 